ue
Let b be (-6 - (-3 + 0))*-1. Let h(o) = -3*o**b - 3 - 9*o**2 + 4*o**3 - 10. Is h(10) prime?
False
Suppose f - 2*m + 3 = -3*m, -m - 15 = 3*f. Let g be (-6)/(-4)*(-28)/f. Suppose -2411 + 766 = -g*h. Is h a composite number?
True
Suppose 9*z - 83117 + 21134 = 0. Is z a prime number?
False
Suppose 15480 = 9*l - 16443. Is l a composite number?
False
Let s = -58 - -62. Is 874/6 + s/(-6) a composite number?
True
Suppose -4*i - 3807 = 5*i. Let t = 1292 + i. Is t a prime number?
False
Suppose -3*c + 26 = -0*c + 5*j, 18 = -c + 5*j. Suppose 0 = o + 5*f - 87, -7*o + c*o - f = -555. Let s = o + -53. Is s a prime number?
True
Suppose -7*p = 1 - 15. Let a be (-32)/24*(-3)/p. Suppose 792 = 4*b + g, a*b - 386 = -0*b - 3*g. Is b composite?
False
Let o(g) = 48*g**3 - 14*g**2 - 4*g + 15. Is o(5) composite?
True
Let i be (-1)/6 - 1061/6. Let c(d) = 4*d**3 + 4*d**2 + 4*d + 4. Let j be c(-3). Let o = j - i. Is o prime?
True
Let v(h) = 273*h + 41. Is v(24) composite?
True
Let w(h) = h + 15. Let z be w(-10). Suppose k - 5*l - 2337 = -3*k, -2*k + 1161 = z*l. Is k prime?
False
Is (-61668)/(-15) - (-19)/(-95) prime?
True
Let x = 1523 + -434. Let o = x - -164. Is o a composite number?
True
Let r(f) = f**3 - 8*f**2 - 9*f + 4. Let l(a) = a**3 - 13*a**2 + 12*a + 9. Let d be l(12). Let u be r(d). Is (-708)/u*2/(-6) a prime number?
True
Let y(a) = -11*a**3 - a**2 - 8*a - 5. Let v(d) = -7*d**3 - d**2 - 5*d - 3. Let c(b) = -8*v(b) + 5*y(b). Let p be c(-8). Is (-2)/(3 - p/(-105)) composite?
True
Suppose 6*q - 2044 = 1238. Is q a composite number?
False
Let m(s) = 9*s**2 - 3*s - 2. Let i(k) = -13*k**2 + 4*k + 3. Let g(u) = 5*i(u) + 8*m(u). Let w(r) be the first derivative of g(r). Is w(3) a prime number?
False
Let l(r) = 15*r + 10*r**2 - 4*r - 2*r**3 + r**3 + 2. Let j be l(11). Is j - (0 - (-190)/(-2)) a prime number?
True
Let z be (-9)/6 + (-9)/6. Let o = 5 - 6. Is z - (o - 266) - -1 prime?
False
Let m(p) = p**3 + 17*p**2 - 8*p + 3. Let v = 12 - 29. Is m(v) composite?
False
Let k = 62913 + -26840. Is k a prime number?
True
Let m(n) = -716*n + n**2 + 716*n - 30. Is m(7) a composite number?
False
Suppose -83 = -2*p + 6243. Is p composite?
False
Let t = -8 + 16. Let f be 36/15 - t/20. Is 2/(-2)*f + 405 composite?
True
Let i(m) = -10*m**3 - 2*m**2 + 5*m - 1. Let l(v) = -v**3 - v**2 + v. Let k(o) = i(o) - 6*l(o). Let s be (10/15)/((-1)/6). Is k(s) a prime number?
False
Suppose 3154*y + 1336745 = 3173*y. Is y a prime number?
False
Is ((-116)/16 - -7)*-121316 a composite number?
True
Suppose 4*k = 5*h - 8, -3*h = k - 0*h - 15. Suppose w - 2 = -k. Is (3 + -2)*w - -206 composite?
True
Let g = -881 + 1876. Let y = g - 418. Is y composite?
False
Suppose -27 = 2*k - 273. Suppose -5*f = -172 - k. Is f composite?
False
Let j = -14 + 18. Suppose -9863 - 29473 = j*i. Is i/(-55) - (-1)/5 prime?
True
Suppose -99010 = -70*q + 60*q. Is q prime?
True
Is (45423/12)/7 - 1/(-4) a composite number?
False
Suppose k + 20 = 5*k. Suppose 3*o = 0, -s + k*s + 3*o = -60. Let b = 80 - s. Is b prime?
False
Let a = -70 - -72. Suppose 4*d + 0*d + a*j - 1622 = 0, -4*j = -2*d + 826. Is d a composite number?
True
Let p(j) = -41*j - 3. Let x be p(-1). Let f be (x + 4)/(1/1). Let k = f + -31. Is k a prime number?
True
Let b = -17 - -19. Suppose -b*i + 10391 = 3337. Is i prime?
True
Let y = -11 - -8. Let v be -2 + -2 + 9 + y. Suppose 0 = v*s + 2*c - 134 - 218, 3*c = -4*s + 705. Is s prime?
False
Suppose r - 2*r + 2*v = 2, -r + v = -1. Suppose 0*a - 7240 = -r*a. Suppose -166 = 6*j - a. Is j a prime number?
False
Let j(s) = -119*s - 2. Let b = -5 - 2. Is j(b) a composite number?
True
Let j be -3 + -4*185/(-10). Suppose t + 2*c - 52 = -3*c, c = 2*t - j. Is t a prime number?
True
Let t(p) = 64*p**3 + 11*p**2 - 20*p + 19. Is t(10) a composite number?
False
Suppose u - 3*k - 2743 = -0*k, 0 = 5*u + k - 13747. Is u a composite number?
False
Suppose -5*w + 35 = -15*o + 17*o, 0 = -4*o + 6*w - 10. Let p be 64*2/(4/11). Suppose -2*c = 2*u - 156, o*u - p = u + 4*c. Is u a prime number?
True
Is (-1)/(1 + 29688/(-29685)) composite?
True
Let i(d) = 80*d**2 + 12*d + 7. Is i(-3) a composite number?
False
Suppose 2*v = -2*v - u - 385, 0 = -4*v + 2*u - 370. Let d = -38 - v. Suppose 134 = s - d. Is s a composite number?
False
Let z(v) = -5*v**2 - v - 9 - v**3 + v. Let f be (38/57)/(-2*(-1)/(-21)). Is z(f) composite?
False
Let g be (12/16*4)/1. Let d be 1 - ((-102)/g)/(-1). Is (382/6)/((-11)/d) prime?
True
Suppose s - p - 13 = 0, -2*s - 3*p = -2*p - 35. Let m = -16 + s. Suppose n = -n + 5*b + 2078, m = 2*n - 3*b - 2086. Is n prime?
True
Suppose 0 = l - 11*l + 42810. Is l a prime number?
False
Suppose -696 = 5*j - 4*k + 298, 3*k - 795 = 4*j. Let b = 92 + j. Is (b/6)/(2/(-6)) composite?
False
Suppose 8*g - 12341 = 7011. Is g prime?
False
Suppose -102*m = -34*m - 1046452. Is m a composite number?
True
Let d(x) be the third derivative of x**5/60 + 127*x**3/6 + x**2. Let r be (8/14)/(4/14) - 2. Is d(r) prime?
True
Suppose -24 = j - 7*j. Suppose 5*o - 2*k = 33, j = 3*k + k. Let r(m) = 22*m - 5. Is r(o) composite?
False
Suppose -4*b = -15*v + 12*v + 13807, 5*v - 23009 = 4*b. Is v composite?
True
Suppose -2*w - 2*a - 8 = 0, 2*a - 7*a - 15 = 0. Let t be (-1 - w) + (7 - -65). Let d = t - -11. Is d a prime number?
True
Let f be 5 - 1 - (5 + -3). Suppose 20 = -5*c, 7*a = f*a + c - 16. Is (-6215)/(-75) - a/30 composite?
False
Suppose 0 = -b - 2*o + 1, 0 = 3*b - 3*o - 3. Is (b + 273)/(8/28) a prime number?
False
Let y(a) = 346*a**2 - 6*a - 23. Is y(-3) composite?
False
Is (-1860105)/(-507) + 4/26 composite?
True
Suppose a - 2*y = 4313, -4*a + 17300 = -y + 5*y. Is a a prime number?
False
Let m(i) = -319*i - 2. Let l(o) = 319*o + 3. Let j(y) = -5*l(y) - 4*m(y). Is j(-2) composite?
False
Let a = -6660 + 11534. Is a prime?
False
Let a(w) = 13*w**2 - 10*w + 20. Let n be a(-9). Let g = -76 + n. Is g a prime number?
True
Let f(d) = -7 + 4*d**2 + 5*d**2 - 3*d**2 - d + 4*d**2. Is f(6) composite?
False
Let k = -2676 - -9671. Is k prime?
False
Is 10412*(-1010)/(-600) + (-2)/(-15) a prime number?
False
Let r(n) = 47*n**2 - 13*n - 27. Is r(-5) composite?
False
Let l(s) = -7459*s - 34. Is l(-3) prime?
True
Suppose 2*q - 8 = -b + 7*q, q = -1. Suppose 5*f - 2435 = -2*z + 6*z, b*z = 2*f - 974. Is f composite?
False
Is ((-13990)/(-20))/(2/92) composite?
True
Let l = -354 + 1480. Let q = l - 491. Is q a prime number?
False
Let p = -6 - -9. Suppose -4*s + 208 - 833 = p*f, 0 = -4*f + 2*s - 848. Let c = -8 - f. Is c a composite number?
True
Let x(k) = 243*k**2 - 2*k + 5. Let b = 27 - 30. Let t be x(b). Suppose -h - h = -t. Is h composite?
True
Let v(u) = 15147*u**3 - 13*u**2 + 10*u + 2. Is v(1) a prime number?
False
Let p(k) = -k**3 - k - 1. Let i(t) = -t**3 + 7*t**2 - 10*t - 6. Let g(q) = i(q) - 5*p(q). Is g(4) composite?
False
Suppose 5*v - 75179 = 2*a, v - 6*a - 15040 = -7*a. Is v prime?
False
Let w(f) = 10*f**2 + 11*f - 9. Let i be w(8). Suppose 35 + i = 2*s. Is s prime?
False
Suppose 4*q - j = 138, -3*j = 4*q - 78 - 68. Let t be 1630/14 + 20/35. Suppose -4*w + t = -q. Is w prime?
False
Let u = -10 + 327. Is u composite?
False
Let z(o) = -o**3 - o**2 + 2*o. Let h be z(-2). Suppose h = i + 3 - 1. Is i*(-5)/((-30)/(-9)) a composite number?
False
Let a = 9 + -6. Suppose -1 = -a*p + 5. Suppose 0 = -3*y - p*y + 955. Is y prime?
True
Let r(x) = 51*x + 339. Is r(-2) a prime number?
False
Let p = -16496 - -42945. Is p prime?
True
Suppose n - 3*d - 1462 = 0, 5*n - 1060 = 5*d + 6220. Suppose -7*p = n - 3938. Is p a prime number?
False
Suppose -4*u + 3505 = -1483. Suppose -v + u = 96. Is v composite?
False
Suppose 4*k = a - 1835, -2*a - 4*k + 854 = -2828. Let f(o) = -2*o + 4. Let y be f(5). Is (-4)/(-8) - a/y composite?
False
Let u(h) = 3*h**2 + 104*h - 31. Is u(40) prime?
True
Let i be 1 - -14 - (-11)/(-11). Suppose -11*q + i*q = -18. Is 20/q*(-45)/10 a prime number?
False
Let u be 1 + 201 + 12/(-3). Suppose -u = -5*j + 437. Is j prime?
True
Suppose -5*k - w = 174, 32 + 140 = -5*k - 3*w. Let h = k + 41. Is h a prime number?
False
Suppose -5*o + 15 = 50. Is (-2 - (-2849)/o)*(-1 - 0) prime?
True
Let t(x) = 1744*x + 3. Suppose 8*o - 13 = 3. Is t(o) prime?
True
Let q(x) = -6*x**3 - 23*x**2 - 120*x - 17. Is q(-18) a prime number?
True
Let s(n) = 213*n + 34. Let r be s(-5). Let m =